g - 303972. Determine u(-197).
-1
Let t(r) = -141864*r + 1134906. What is t(8)?
-6
Let m(q) = -413068*q + 826091. Calculate m(2).
-45
Let j(v) = -600*v + 28156. Calculate j(47).
-44
Let x(h) = 4201*h - 58933. Calculate x(14).
-119
Let x(d) = d**2 + 12218*d + 109993. Give x(-9).
112
Let p(c) = c**3 - 170*c**2 + 415*c - 161578. Give p(173).
4
Let w(s) = s**2 + 138*s + 3793. What is w(-116)?
1241
Let d(n) = -n**2 - 1574*n - 336345. Give d(-255).
0
Let i(m) = 15*m**3 + 13203*m**2 - 10618*m - 40523. Give i(-881).
3
Let b(s) = -11*s**2 - 459*s - 4786. Give b(-20).
-6
Let u(z) = -2967*z - 14626. What is u(-5)?
209
Let x(d) = 943*d**2 - 16010*d - 327. Determine x(17).
30
Let i(w) = -130*w + 1415. Give i(15).
-535
Let n(s) = -294*s**2 - 1074*s - 21. Calculate n(-4).
-429
Let n(g) = 50979*g - 1325466. Give n(26).
-12
Let j(w) = -2*w**3 - 15*w**2 + 10*w + 177. Calculate j(-7).
58
Let y(w) = w**3 + 175*w**2 + 9*w + 1587. Determine y(-175).
12
Let b(g) = -g**3 + 127*g**2 + 529*g - 639. Calculate b(131).
16
Let k(t) = -5*t**3 - 704*t**2 + 143*t - 1658. Give k(-141).
-1940
Let u(i) = i**3 + 566*i**2 + 9882*i + 10002. Determine u(-548).
138
Let n(i) = -362*i - 50633. What is n(-134)?
-2125
Let x(r) = -11*r**2 + 253*r + 1352. Calculate x(-5).
-188
Let c(a) = 84*a**3 + 16*a**2 - 51*a + 98. Give c(3).
2357
Let r(s) = 40225*s + 201452. Calculate r(-5).
327
Let u(y) = -3353*y - 50301. Determine u(-15).
-6
Let z(s) = -4*s**2 + s + 2. Determine z(12).
-562
Let k(h) = -2*h**3 - 59*h**2 - 301*h - 9870. Give k(-30).
60
Let j(u) = -23*u**2 - 204*u - 292. Calculate j(-7).
9
Let o(h) = -2*h**3 + 115*h**2 - 1312*h + 1296. Determine o(14).
-20
Let a(k) = -309832*k - 2168943. Calculate a(-7).
-119
Let h(i) = -2*i**2 + 429*i - 8367. Give h(193).
-68
Let a(k) = -k**2 + 4186*k - 165845. Determine a(40).
-5
Let t(x) = 2*x**2 + 3*x - 721. Give t(-21).
98
Let b(i) = 2319*i + 39742. Determine b(-17).
319
Let y(t) = t**3 - 48*t**2 - 35*t + 1005. Give y(47).
-2849
Let a(k) = 21*k**2 - 319*k - 2422. Give a(21).
140
Let a(m) = -2*m**2 + 20*m + 203. Determine a(-6).
11
Let r(i) = -7*i**3 + 744*i**2 - 225*i + 1379. What is r(106)?
1
Let i(m) = -13*m**2 - 1171*m + 711. Calculate i(-90).
801
Let k(s) = 463*s**2 + 43982*s - 266. Calculate k(-95).
19
Let w(i) = i**2 + 59142*i - 236559. Determine w(4).
25
Let j(v) = v**3 + 359*v**2 - 3396*v - 30881. Calculate j(-368).
31
Let w(q) = 2*q**3 - 194*q**2 - 1438*q + 21. Give w(104).
1893
Let n(v) = 2094*v - 324441. What is n(155)?
129
Let b(w) = -14*w**2 + 205*w + 2264. Give b(22).
-2
Let g(j) = 45054*j - 5902079. Calculate g(131).
-5
Let p(s) = -4122*s - 403934. Give p(-98).
22
Let q(j) = 13*j**3 - 38*j**2 - 29*j + 2. Determine q(5).
532
Let i(w) = -w**3 + 503*w**2 + 1029*w + 19. What is i(-2)?
-19
Let g(v) = -45*v**2 + 1948*v + 7799. Give g(-4).
-713
Let n(i) = -8476*i + 76284. Determine n(9).
0
Let m(x) = -4*x**2 - 1143*x - 21312. Give m(-19).
-1039
Let t(j) = j**3 + 325*j**2 - 8758*j + 199. Give t(25).
-1
Let y(d) = -14*d**2 - 37*d + 88. Calculate y(3).
-149
Let k(b) = -3*b**2 - 301*b + 79053. What is k(-220)?
73
Let p(a) = -86*a**3 + 115*a**2 + 9*a - 1. Give p(-3).
3329
Let l(i) = 82444*i + 989326. Give l(-12).
-2
Let o(r) = -95525*r - 2101545. Give o(-22).
5
Let r(o) = -1206*o + 273824. What is r(227)?
62
Let i(l) = 195118*l + 2341420. Give i(-12).
4
Let a(y) = y**2 + 283*y - 4107. Calculate a(-284).
-3823
Let g(n) = 4*n**3 - 925*n**2 + 12370*n - 224. Determine g(217).
-7
Let o(h) = -h**3 + 137*h**2 - 1045*h + 1518. Calculate o(129).
-159
Let n(k) = k**3 - 145*k**2 - 141*k - 592. Give n(146).
138
Let s(a) = -9*a**3 + 39*a**2 + 450*a - 2307. Determine s(5).
-207
Let b(l) = -17*l**2 - 529*l + 6885. Determine b(-41).
-3
Let z(p) = -13843*p + 13878. Give z(1).
35
Let n(j) = 67*j**2 + 4082*j - 118. Calculate n(-61).
187
Let l(y) = -11*y**3 - 239*y**2 + 78*y + 212. Give l(-22).
-52
Let i(v) = 2*v**3 + 823*v**2 - 7939*v + 25264. Determine i(-421).
4
Let c(j) = 153176*j + 612753. Calculate c(-4).
49
Let w(y) = -11*y**3 + 314*y**2 + 5154*y - 149025. Determine w(28).
-9
Let k(r) = r**3 + 9*r**2 - 1017*r - 5178. Give k(-5).
7
Let g(k) = -761088*k + 9133066. Calculate g(12).
10
Let v(a) = -35*a**2 - 2071*a - 16058. Calculate v(-50).
-8
Let a(m) = 4*m**3 + 543*m**2 - 677*m + 575. Give a(-137).
-521
Let c(f) = -76*f + 2681. What is c(50)?
-1119
Let m(p) = p**3 + 2*p**2 - 707*p - 4308. Determine m(-6).
-210
Let g(k) = -2*k**3 - 742*k**2 + 740*k - 1517. Give g(-372).
-29
Let d(h) = -4*h**3 - 3*h**2 + 156*h + 787. Give d(-6).
607
Let h(q) = -2564*q + 94860. Determine h(37).
-8
Let w(a) = a**2 - 1065*a - 106445. Determine w(-92).
-1
Let w(d) = 786*d + 7538. Give w(-10).
-322
Let w(i) = 169014*i - 28394356. Determine w(168).
-4
Let u(y) = -314*y**3 + 32970*y**2 - 24. Determine u(105).
-24
Let t(p) = 290*p**3 + 2327*p**2 + 70*p + 114. What is t(-8)?
2
Let g(x) = x**3 + 149*x**2 - 199*x - 8044. Determine g(-150).
-694
Let c(r) = 3*r**3 + 901*r**2 + 303*r + 954. Calculate c(-300).
54
Let w(p) = -p**3 - 15*p**2 + 155*p - 14. Determine w(-21).
-623
Let t(v) = 4*v**3 + 74*v**2 + 90*v + 1958. What is t(-19)?
-474
Let l(z) = 34*z**3 + 148*z**2 - 37*z - 274. What is l(-6)?
-2068
Let q(p) = -4598*p + 239185. Give q(52).
89
Let i(y) = 7*y**2 - 6157*y - 58676. What is i(889)?
-2
Let r(a) = -a**2 - 18259*a + 365600. Calculate r(20).
20
Let q(p) = 45806*p**2 - 26659092*p + 4. What is q(582)?
4
Let y(z) = -3536*z - 21351. Give y(-6).
-135
Let f(m) = -2*m**3 + 5*m**2 + 1413*m - 4241. What is f(3)?
-11
Let r(z) = -522*z**2 + 44*z - 26. Give r(1).
-504
Let z(j) = j**2 - 87*j - 1088. Determine z(109).
1310
Let b(v) = -v**3 - 98*v**2 - 713*v - 139040. Give b(-104).
8
Let i(v) = 7348*v + 345350. Determine i(-47).
-6
Let o(h) = -14824*h - 177859. Determine o(-12).
29
Let j(n) = 3*n**2 - 1472*n + 3930. Give j(488).
26
Let k(b) = -89*b**2 + 21364*b - 987. What is k(240)?
-27
Let i(c) = -31545*c - 63115. Calculate i(-2).
-25
Let d(n) = n**3 - 655*n**2 - 6632*n - 11949. Give d(665).
21
Let v(k) = 5508*k - 16202. Determine v(3).
322
Let z(j) = -29*j**2 - 328*j - 44. What is z(-14)?
-1136
Let k(s) = s**2 - 1508*s + 13497. Give k(9).
6
Let n(x) = -3*x**3 + 22*x**2 + 827*x + 2876. Give n(-4).
112
Let a(g) = 3*g**3 - 5221*g**2 + 6937*g + 33042. Give a(1739).
1
Let k(p) = -452*p - 15330. What is k(-37)?
1394
Let m(h) = 239*h + 4779. What is m(-12)?
1911
Let h(i) = 124*i**3 + 7*i**2 - 5*i + 12. Determine h(3).
3408
Let r(j) = -10*j**2 - 5174*j + 8313. Calculate r(-519).
9
Let g(j) = -1049*j - 6291. Determine g(-6).
3
Let w(i) = -474*i**2 - 180*i - 587. Calculate w(-3).
-4313
Let p(s) = -s**2 - 281525*s + 3096900. Give p(11).
4
Let t(f) = -f**3 - 252*f**2 - 272*f - 5289. Give t(-251).
-18
Let d(q) = 194*q**2 + 8728*q - 25. What is d(-45)?
65
Let s(t) = 32*t**2 - 103*t - 510. Determine s(-7).
1779
Let o(b) = -b**3 - 55*b**2 + 52*b - 289. Calculate o(-56).
-65
Let z(m) = 237*m + 76564. Calculate z(-323).
13
Let r(f) = 4963*f - 80683. What is r(16)?
-1275
Let n(l) = 1434*l**2 - 14333*l + 25. Calculate n(10).
95
Let v(l) = -4*l**3 + 38*l**2 + 26*l - 569. Calculate v(5).
11
Let m(z) = 116*z - 18435. Give m(159).
9
Let l(b) = 2*b**3 - 45*b**2 - 65*b - 68. What is l(23)?
-1034
Let b(l) = 2*l**3 + 15*l**2 - 169*l + 319. Give b(4).
11
Let a(w) = -32264*w - 1484094. What is a(-46)?
50
Let i(x) = 86*x - 1905. Give i(31).
761
Let b(q) = -2*q**3 + 26*q**2 + 12*q - 253. What is b(17)?
-2361
Let i(h) = 76*h**2 - 5848*h - 320. Calculate i(77).
-12
Let u(b) = -4898*b - 1273481. What is u(-260)?
-1
Let o(z) = -11924*z - 214570. Calculate o(-18).
62
Let f(h) = -h**3 + 95*h**2 + 315*h - 2060. Calculate f(98).
-2
Let x(m) = m**3 + 34*m**2 - 99*m - 947. What is x(-36)?
25
Let v(c) = -c**2 + 99*c - 949. What is v(86)?
169
Let y(d) = 4*d**2 - 677*d - 23951. Calculate y(-30).
-41
Let i(p) = 65*p + 5364. Give i(-89).
-421
Let f(b) = b**3 + 3*b**2 + 19*b + 89. What is f(-7)?
-240
Let j(s) = -s**3 - 104*s**2 - 2581*s + 138. Determine j(-63).
12
Let d(x) = 4495*x - 139676. Calculate d(31).
-331
Let j(z) = -2106*z**2 + 189539*z + 66. What is j(90)?
-24
Let x(a) = -8*a**2 - 2071*a - 31107. Determine x(-16).
-19
Let t(b) = 40086*b + 17. What is t(0)?
17
Let s(z) = -4*z**2 - 4258*z + 25614. Determine s(6).
-78
Let h(m) = 